x + 17*x - 8 = 2*t, -3*t = -4*x + 19. Let c(m) = 3*m - 24. Give c(x).
-3
Let f(s) = 128*s - 33. Let b(d) = -26*d. Let v(t) = 5*b(t) + f(t). Calculate v(-15).
-3
Let a(x) = 5*x**3 + 2*x**2 - x. Let z(s) = s**3 - 13*s**2 - s + 17. Let r be z(13). Suppose 4*q + 0*q + 8 = 0, 0 = -3*y - r*q - 5. Give a(y).
6
Let t be ((-8)/12)/(4/(-30)). Suppose -6 = a + t*a. Let j(c) = -2*c - 3. Let k(q) = -q + 1. Let h(g) = a*j(g) - 4*k(g). Give h(-1).
-7
Let s(w) = -w + 9. Let b be s(0). Let k(a) be the third derivative of a**4/24 - 10*a**3/3 - 9*a**2. What is k(b)?
-11
Let k(f) = f + 11. Let a be (-1 + 0)/(-8 + 9). Let g(x) = -3*x - 36. Let s(v) = 1. Let n(d) = a*g(d) - 4*s(d). Let u(i) = 11*k(i) - 4*n(i). Give u(0).
-7
Let j = 1 + 1. Let x(t) = -7*t - t - 21*t + 22*t + 2*t. Calculate x(j).
-10
Let y(k) = k**2 - 6*k + 3. Let a be (-2)/(-7) + 30/42. Let z(v) = -1. Let h(q) = a*y(q) - 5*z(q). What is h(6)?
8
Let k(d) = d**2 + 5*d - 10. Suppose 26*y - 21*y + 20 = 4*j, -5*j - 25 = 0. Give k(y).
14
Let s be 49 - (2 - 6)*1. Suppose -s*o + 4 = -57*o. Let h(i) be the first derivative of -4*i**2 - 1. Determine h(o).
8
Let h(j) = -12 + 2 + 6 + 0*j**2 - j - j**2. What is h(0)?
-4
Let x be 9/((-54)/(-12)) + 0. Suppose x*b = -4*z + 16, -4*z - 4*b + 10 = -2. Let r(c) = 2*c - 7. What is r(z)?
3
Suppose 30*w - 29*w - 5 = 0. Suppose w*f - 9*f = 20. Let h(c) = 2*c + 3. Determine h(f).
-7
Let o(d) = -7*d**3 - 1. Let h be 121/(-99) + 4/18. Let w be (-1)/(-2 + h)*12. Suppose w + 1 = -5*q. Calculate o(q).
6
Let q = -4 - -1. Let d(c) be the third derivative of c**6/120 + c**5/30 - c**4/12 + c**3/6 - 84*c**2. What is d(q)?
-2
Suppose -x + 18 = 2*t + x, -5*t + 4*x = -45. Let b = t - 1. Suppose 2*k - 4*u = -4 - b, 2*k - 3*u = -11. Let a(v) = 2*v + 4. Determine a(k).
-4
Suppose 2*q + 2 = 0, 2*l + 3*l - 3*q - 28 = 0. Suppose 3*z = 4*c + 6, l*z + c = -c + 10. Let x(h) = -z - 6 + 5 + h - 2. Calculate x(-6).
-11
Let m(b) = 1 - b + 4 + 0. Suppose z + 2*g - 12 = 0, -5*z = 3*g - 56 + 10. Suppose -4*s = -28 + z. Calculate m(s).
0
Let m be 1 + (-4)/(-8)*-2. Suppose 7 = 7*b - m*b. Let z(q) = -4*q**3 + 2*q - 1. Determine z(b).
-3
Let z(m) = -3*m + 15. Let p(x) = -x**3 + 3*x**2 - 4*x + 3. Let a = -13 + 15. Let i be p(a). Let t(h) = -1. Let b(n) = i*z(n) - 15*t(n). Calculate b(-2).
-6
Suppose 4*b + 38 = -6. Let c = -8 - b. Let g(l) be the first derivative of l**3/3 - l**2 + 2*l - 16. Determine g(c).
5
Let p(r) = r**2 - 10. Suppose h - 26 = 2. Suppose 29*b = h*b. Give p(b).
-10
Suppose -97*h = -126 + 320. Let u(n) = -14*n + 2. Calculate u(h).
30
Let p = -27 - -33. Let j be ((-10)/(-15))/(p/27 - 0). Let k(t) be the third derivative of t**5/30 - t**4/24 + t**3/6 + t**2. Give k(j).
16
Let l(z) = -z + 15. Suppose 0 = 3*r + 12, 0 = -3*t - 3*r - 9 - 3. Suppose -3*b - 2 = 3*q - 5, t = -3*q + 3*b - 3. Determine l(q).
15
Let g(o) = -2*o**2 + 4*o - 1. Let x = 2309 + -2306. Give g(x).
-7
Let n(z) = z**3 + 4*z**2 + 6*z + 4. Let s(w) = -w. Let p(x) = -n(x) - 4*s(x). Suppose 5 - 1 = 2*i. Suppose i*d + 6 = -2. What is p(d)?
4
Let f = 10 - 0. Let b = -12 + f. Let j(o) be the second derivative of o**5/20 + o**4/4 - o**3/6 + o**2 + 6*o + 5. Give j(b).
8
Let j(f) be the third derivative of -f**6/120 + f**5/12 - 7*f**4/24 + f**3 - f**2. Suppose -5*l + 336 = -l. Let s be -14*(-8)/l*3. Determine j(s).
-6
Let w = 74 - 79. Let v(p) be the first derivative of -p**4/4 - 4*p**3/3 + 7*p**2/2 + p - 31. Calculate v(w).
-9
Let l = -37/6 - -20/3. Let g(t) be the second derivative of -4*t + 1/20*t**5 + 0 + 0*t**2 + 1/6*t**3 - l*t**4. Give g(6).
6
Let h(o) = -o + 5. Suppose -833*x = -836*x + 45. What is h(x)?
-10
Let h(n) be the second derivative of -1/12*n**4 + 13/2*n**2 + 5*n + 0 + 1/6*n**3. What is h(0)?
13
Let s(o) = -4*o**3 + 2*o**2 - 4*o + 6. Let h(t) = 9*t**3 - 5*t**2 + 9*t - 13. Let i(p) = 3*h(p) + 7*s(p). Let y be (-16 + 10)*(-2)/(-4). Give i(y).
24
Let y(x) be the second derivative of -3/2*x**2 + 1/12*x**4 + 0*x**3 + 0 + 7*x. Determine y(-3).
6
Let b(d) = -d**2 - 4*d - 2. Let r be (-3)/((7 + -2)/10). Let p be r + (54/45)/((-4)/(-10)). What is b(p)?
1
Let p be (-6)/(-24)*(-4)/(-1) - 5. Let g = 12 - 9. Let s(b) = 3*b - b**3 + 4*b**2 - 8*b**2 + g + 2*b - 3*b. Calculate s(p).
-5
Let g(m) be the first derivative of m**3/3 + 11*m**2/2 - 11*m + 63. What is g(-9)?
-29
Let r(j) = 337*j**3 - 3 + 7*j**2 - 6*j**2 - 338*j**3 + 10*j**2. What is r(11)?
-3
Suppose -11*v = -14*v + 9. Let o(n) = -2 - 5*n + n + v + 2*n. Determine o(-2).
5
Let s(y) = -6*y - 6. Let w be s(0). Let j(o) = o. Let d(h) = 7*h - 6. Let a(f) = w*j(f) + d(f). Let g(l) = 8*l**2 - l. Let v be g(1). What is a(v)?
1
Let v be (-11 + 10)/(((-45)/(-3))/(-1)). Let s(z) be the third derivative of v*z**5 + 5*z**2 + 1/120*z**6 - 1/2*z**3 + 0*z + 0 + 1/24*z**4. Determine s(-3).
3
Suppose 193*a = 208*a + 30. Let l(m) = -3*m**2 - m + 4. Calculate l(a).
-6
Let o(y) = -13*y + 64. Let j(g) = 4*g - 17. Let b(q) = 10*j(q) + 3*o(q). Determine b(-15).
7
Let p(y) be the first derivative of 2*y**3 + 5/2*y**2 + 26 + 5*y + 1/4*y**4. Give p(-5).
5
Suppose l = -l - 6, 0 = -4*k - 3*l + 51. Let f be (1/(-2))/(k/30). Let u(o) = 3*o - 4. Let s(z) = 6*z - 9. Let t(p) = -4*s(p) + 9*u(p). Calculate t(f).
-3
Let s(g) = -2*g - 14. Let r be s(-6). Let c(h) = -h**3 + h**2 - 2*h - 3. What is c(r)?
13
Let r(a) = -a**2 + 11. Suppose 0 = 5*x + 20, -82*m - 3*x = -87*m + 37. What is r(m)?
-14
Let f(o) = -o - 7. Let g(m) = 3*m - 12. Let z be g(6). Let s = z + -6. Calculate f(s).
-7
Let q(v) = -v**2 - 3*v**3 + 2*v**3 + 1 + 0*v**2. Let a = 6846 + -6847. Give q(a).
1
Let z(u) = u + 3. Let g(b) = 70*b + 4*b**3 - 1 + b**2 - 70*b. Suppose 0 = 3*i - 2 + 5. Let y be g(i). What is z(y)?
-1
Let q = 2 - -2. Suppose q = p - 3*p. Let j be 1*(p + -3 - -2). Let s(z) = -4*z - 2. Determine s(j).
10
Suppose 0*n + n + 5*x = 10, 15 = n + 4*x. Suppose 0 = 2*f - 9*f - n. Let c(a) be the first derivative of a**4/4 + 2*a**3 + 5*a**2/2 - a - 1. Give c(f).
-1
Let r(g) = -g**3 - 8*g**2 + 6*g + 24. Let u(c) = c**3 + 7*c**2 - 7*c - 25. Let b(s) = 5*r(s) + 4*u(s). Give b(-12).
-4
Suppose 3 - 6 = 3*w. Suppose -2*m + 6 - 2 = 0. Let p(v) = -2*v**m + 4*v**2 + 0*v**2. Determine p(w).
2
Let v(p) be the second derivative of -1/2*p**2 + 1/12*p**4 - 1/2*p**3 + 6 + 3*p. Let g be ((-6)/(-4) + 1)*2. What is v(g)?
9
Let u(a) be the first derivative of a**3/3 - 5*a**2 + 16*a + 109. Calculate u(9).
7
Let i(j) = j - 11. Suppose 11*b - 44 = 99. Determine i(b).
2
Let s be ((-26)/78)/(2/(-30)). Let k be 3 - (2/2)/1. Let y(a) = -k + 4*a**2 + 4 + 4*a + 1 - a**3. Give y(s).
-2
Suppose 617*q - 30 = 627*q. Let x(s) = -4*s + 2. Give x(q).
14
Let o(j) be the third derivative of j**5/60 - j**4/3 - 7*j**3/3 - 18*j**2. Let d be 295/30 - (-5)/30. Give o(d).
6
Let r(h) = 4 + 5 - 6 - h + 3 + 0. Calculate r(16).
-10
Let h(v) = -2 + 3*v + 5 - 2*v. Let p(o) = -o**3 + 14*o**2 + 53*o - 31. Let r be p(17). Give h(r).
6
Let d(t) = 0*t + 5*t - 9*t + 5*t**2 - 4*t - 3 + t**3. Let h(m) = -7*m + 1. Let g be h(2). Let c = 7 + g. Calculate d(c).
9
Suppose -6*z = 1 - 25. Let p(c) = -2*c**2 + 10*c - 4. What is p(z)?
4
Suppose 0 = -c - 0 - 5, 2*f + 6 = 4*c. Let b(k) = k**3 + 14*k**2 + 14*k + 9. Calculate b(f).
-4
Suppose -3*f - 2*t = -4*t - 40, -f + t = -14. Let d(j) = 2*j**2 - 24*j + 4. Give d(f).
4
Let h = 1 + 1. Let c(f) = 7 - 6*f**h - 5*f + 2*f + 0 + 5*f**2. Calculate c(-5).
-3
Let q(v) = 1. Let p(h) = h + 6. Let f(z) = p(z) - 2*q(z). Let n(w) = 20 + 12 - 2*w - w + w. Let d be n(17). Calculate f(d).
2
Let k(l) be the third derivative of 0 + 0*l**4 - 5/2*l**3 + 0*l + 12*l**2 + 1/60*l**5. What is k(0)?
-15
Let l(p) = -p**3 + 2*p**2 + 7*p - 10. Let i be l(3). Let k(f) = -f**3 + 3*f**2 - 6*f + 4. Give k(i).
-4
Let o(u) = -u + 6. Let x = 41 + -33. Let g be o(x). Let q(c) = -2*c**2 + c**3 - 3*c**3 + 7 + 0*c + c - 6. Calculate q(g).
7
Let w(j) = j**2 + j + 1. Let k(h) = -h - 3. Let p be k(-4). Let d(m) = 2*m**2 + 7*m + 5. Let l(a) = p*d(a) - 6*w(a). Suppose -4*o - 3 = -7*o. What is l(o)?
-4
Let k(m) = 2*m - 4. Let g(y) = -y - 1. Let f(v) = -2*g(v) + k(v). Determine f(-6).
-26
Let s(c) = 5*c**3 - 21*c**2 - 5*c + 8. Let o(l) = -4*l**3 + 20*l**2 + 4*l - 9. Let t(g) = -6*o(g) - 5*s(g). Calculate t(-15).
-1
Suppose f + x - 2 = -2*f, 5*f - 3*x - 22 = 0. Let n(s) = f*s - 2*s - 3*s. What is n(-2)?